What is the greatest common divisor of 14062 and 2136?
178
Calculate the highest common divisor of 238 and 684250.
238
What is the greatest common divisor of 126984 and 2?
2
What is the greatest common divisor of 88 and 113168?
88
What is the greatest common factor of 1265 and 42757?
253
Calculate the highest common factor of 299 and 29081.
13
What is the greatest common divisor of 15054 and 3088?
386
What is the greatest common divisor of 5692 and 4?
4
What is the highest common divisor of 127144 and 4600?
184
Calculate the greatest common divisor of 849 and 637599.
849
What is the greatest common divisor of 22 and 25920?
2
What is the highest common divisor of 214 and 9874?
2
Calculate the highest common divisor of 665721 and 252.
63
Calculate the highest common divisor of 15341 and 24863.
529
Calculate the highest common factor of 96 and 143016.
24
Calculate the greatest common divisor of 122 and 44469.
61
What is the greatest common factor of 7602 and 21?
21
Calculate the greatest common divisor of 1300 and 18160.
20
What is the greatest common factor of 196 and 15729?
49
What is the highest common factor of 625 and 168250?
125
What is the greatest common factor of 60 and 29865?
15
What is the highest common divisor of 13390 and 106914?
206
Calculate the highest common divisor of 209244 and 21.
21
What is the highest common factor of 16730 and 22330?
70
What is the highest common divisor of 39 and 87685?
13
Calculate the greatest common factor of 1728 and 57780.
108
What is the greatest common factor of 26136 and 4104?
216
What is the greatest common factor of 70 and 755195?
35
What is the highest common divisor of 1900 and 1841575?
475
What is the highest common divisor of 56 and 11641?
7
What is the highest common factor of 36 and 105804?
36
What is the greatest common divisor of 1896 and 175064?
632
Calculate the highest common factor of 70 and 31738.
14
What is the highest common divisor of 256698 and 26?
26
What is the greatest common divisor of 540 and 31020?
60
What is the greatest common factor of 16 and 276580?
4
What is the greatest common factor of 56 and 2650886?
14
Calculate the highest common factor of 70421 and 325.
13
What is the highest common divisor of 927372 and 7799?
709
What is the highest common factor of 2490 and 1162?
166
Calculate the highest common factor of 11984 and 9844.
428
What is the highest common divisor of 12769 and 9831?
113
Calculate the greatest common divisor of 32128 and 544.
32
Calculate the greatest common divisor of 129495 and 12125.
485
Calculate the greatest common factor of 17119 and 323.
323
What is the greatest common factor of 158821 and 247?
247
Calculate the highest common divisor of 1088728 and 3880.
776
What is the highest common factor of 2542705 and 557?
557
What is the highest common factor of 3564 and 2946537?
891
What is the greatest common factor of 68030 and 20?
10
Calculate the highest common factor of 708 and 14604.
12
What is the greatest common factor of 2632 and 72?
8
What is the highest common divisor of 583 and 2397879?
583
Calculate the highest common divisor of 792 and 96.
24
What is the greatest common divisor of 162 and 1274454?
162
What is the greatest common divisor of 144 and 225918?
18
Calculate the greatest common factor of 4788 and 3194793.
1197
Calculate the highest common divisor of 31 and 19468.
31
What is the greatest common factor of 240749 and 19?
19
What is the greatest common divisor of 25900 and 97440?
140
Calculate the greatest common factor of 68 and 97342.
34
Calculate the highest common divisor of 38089 and 41.
41
What is the highest common divisor of 6065750 and 950?
950
What is the greatest common divisor of 1288 and 271607?
161
Calculate the highest common divisor of 195021 and 279.
279
What is the greatest common divisor of 220 and 189332?
44
What is the greatest common factor of 30710 and 70?
10
Calculate the greatest common divisor of 104 and 298181.
13
What is the greatest common factor of 132 and 6284124?
132
Calculate the highest common factor of 84 and 178108.
28
Calculate the highest common divisor of 2901 and 39.
3
What is the greatest common factor of 362 and 6665506?
362
Calculate the greatest common divisor of 588 and 107163.
147
What is the greatest common divisor of 578 and 425119?
289
Calculate the highest common divisor of 13716 and 186192.
108
Calculate the highest common divisor of 252 and 12502.
14
What is the greatest common factor of 204140 and 20?
20
Calculate the greatest common divisor of 8820 and 298900.
980
What is the highest common factor of 534 and 31684?
178
Calculate the greatest common divisor of 817 and 6517.
19
Calculate the greatest common factor of 4224 and 495.
33
What is the highest common factor of 281036 and 1316?
28
Calculate the highest common divisor of 1472 and 5696.
64
Calculate the highest common factor of 29315 and 17056.
533
What is the highest common factor of 2788 and 2842366?
1394
What is the greatest common factor of 41 and 622913?
41
Calculate the highest common divisor of 2492 and 18868.
356
What is the highest common divisor of 47224 and 256?
8
What is the greatest common divisor of 442 and 231166?
442
What is the greatest common divisor of 8299 and 172?
43
Calculate the greatest common factor of 42 and 6546.
6
Calculate the greatest common divisor of 101544 and 72.
24
Calculate the greatest common factor of 102596 and 468.
52
What is the highest common factor of 5549250 and 755?
755
Calculate the greatest common divisor of 180 and 189972.
36
Calculate the greatest common factor of 7085 and 1040.
65
What is the highest common factor of 16848 and 9568?
208
What is the highest common divisor of 84448 and 96?
32
What is the highest common factor of 9861 and 285?
57
What is the greatest common factor of 196 and 2268?
28
Calculate the greatest common divisor of 776893 and 845.
169
Calculate the highest common factor of 211973 and 527.
17
Calculate the highest common divisor of 53434 and 126.
2
Calculate the greatest common divisor of 20 and 1265.
5
What is the highest common divisor of 42704 and 272?
272
Calculate the highest common divisor of 190333 and 52.
13
What is the greatest common factor of 8428 and 54292?
196
What is the greatest common factor of 4232039 and 623?
623
What is the greatest common divisor of 3040 and 681440?
160
Calculate the greatest common factor of 34252 and 2.
2
Calculate the highest common factor of 90 and 8329590.
90
What is the greatest common divisor of 63 and 13221?
9
What is the greatest common factor of 4088 and 63?
7
What is the highest common factor of 2329270 and 10?
10
Calculate the greatest common factor of 882 and 1944.
18
What is the greatest common divisor of 76160 and 480?
160
Calculate the greatest common factor of 1726 and 5338518.
1726
What is the highest common factor of 1679 and 511?
73
Calculate the highest common divisor of 26361 and 9918.
261
Calculate the highest common divisor of 245 and 635.
5
What is the greatest common divisor of 6642 and 267?
3
What is the highest common divisor of 5321 and 1122?
17
What is the greatest common factor of 378 and 17661?
21
What is the greatest common factor of 15 and 18435?
15
What is the highest common factor of 72076 and 2368?
148
Calculate the highest common factor of 107326 and 412.
206
What is the greatest common divisor of 12 and 4638?
6
What is the greatest common factor of 140427 and 135?
27
What is the highest common factor of 2510310 and 330?
330
Calculate the greatest common divisor of 1836 and 210732.
204
What is the highest common divisor of 6 and 101058?
6
Calculate the highest common factor of 664 and 800.
8
What is the greatest common factor of 35 and 39375?
35
What is the highest common divisor of 49 and 5761?
7
Calculate the greatest common factor of 242018 and 1652.
826
What is the greatest common divisor of 18158 and 2758?
14
What is the highest common divisor of 6931 and 1682?
29
What is the highest common divisor of 16742 and 165?
11
What is the highest common factor of 378950 and 3074?
106
What is the greatest common factor of 16461 and 3?
3
What is the highest common factor of 605317 and 58?
29
Calculate the greatest common divisor of 72 and 503376.
24
Calculate the greatest common 